{"id":364985,"date":"2025-06-27T17:44:57","date_gmt":"2025-06-27T15:44:57","guid":{"rendered":"https:\/\/igmi.esercito.difesa.it\/prodotto\/392586\/"},"modified":"2026-04-09T17:13:26","modified_gmt":"2026-04-09T15:13:26","slug":"392586","status":"publish","type":"product","link":"https:\/\/igmi.esercito.difesa.it\/en\/prodotto\/392586\/","title":{"rendered":"REDUCTION DE LA CARTE DU DUCHE&#8217; DE SAVOYE"},"content":{"rendered":"<p>Carta in pi\u00f9 fogli riuniti e ridotta del Sig. Amoretti. Porta in calce la seguente leggenda esplicativa. &#8220;La presente Carte G\u00e9n\u00e9rale de la Savoye a \u00e9t\u00e9 tir\u00e9e \u00e0 la moiti\u00e9 moins de la Seconde Reduction la quelle est une quatri\u00e8me partie de celle qui a \u00e9t\u00e9 Reduite \u00e0 une Cinqui\u00e8me de Mappes Originales de Chaque Territoire lev\u00e9es par les respectiss geometres \u00e0 ce deput\u00e9s lors de la Mensuration G\u00e9n\u00e9rale Commenc\u00e9e en mai 1728 et finie en Aoust 1731 faite a Trabucs Mesure de Piemont = un Trabuc de l&#8217;Echelle de cette Carte vaut en Ligne quarante Trabucs de l&#8217;Arpentage sait en Campagne; il en est de meme \u00e0 l&#8217;egard de l&#8217;Echelle des Toises. Elle a \u00e9t\u00e9 r\u00e9duite par Jean Parpillar et dessin\u00e9e par Gabriel Grienberger et Francois Schittvein: le Tout verisi\u00e9 par moi Soussign\u00e9 Avocat Directeur du Bureau de la Perequation des Etats de ce Duch\u00e9 et l&#8217;aiant trouv\u00e9 consorme j&#8217;ai Sign\u00e9 d&#8217;ordre de Mr. le Comte Bonaud Intendant G\u00e9n\u00e9ral a Chambery ce 25 juin 1737. Cocelli &#8220;.<br \/>\nRappresentazione limitata alla sola Savoia circoscritta entro i suoi limiti amministrativi. Disegno a penna a pi\u00f9 tinte: rosso per i fabbricati, azzurro per le acque, nero per le scritture, giallo pei confini. Orografia a mezza tinta ad acquerello, trattata con notevole efficacia. In complesso una buona Carta ed un prezioso documento di topografia storica per la ricchezza degli elementi topografici e della nomenclatura e per l&#8217;accurata indicazione dei confini delle singole circoscrizioni.<br \/>\nLa riduzione alla scala 1:94.500 di questa carta \u00e8 anche al Documento al numero d&#8217;Ordine 4 &#8211; Cart. d&#8217;Arch. n. 2 &#8211; Docum. n. 10082.<\/p>\n","protected":false},"excerpt":{"rendered":"<p>Carta in pi\u00f9 fogli riuniti e ridotta del Sig. Amoretti. Porta in calce la seguente leggenda esplicativa. &#8220;La presente Carte G\u00e9n\u00e9rale de la Savoye a \u00e9t\u00e9 tir\u00e9e \u00e0 la moiti\u00e9 moins de la Seconde Reduction la quelle est une quatri\u00e8me partie de celle qui a \u00e9t\u00e9 Reduite \u00e0 une Cinqui\u00e8me de Mappes Originales de Chaque [&hellip;]<\/p>\n","protected":false},"featured_media":490105,"template":"","meta":{"_acf_changed":false},"product_brand":[],"product_cat":[191,447],"product_tag":[334],"class_list":{"0":"post-364985","1":"product","2":"type-product","3":"status-publish","4":"has-post-thumbnail","6":"product_cat-carte-antiche","7":"product_cat-tecnica_risoluzione_carta_antica","8":"product_tag-carta-antica","10":"first","11":"instock","12":"downloadable","13":"virtual","14":"sold-individually","15":"taxable","16":"purchasable","17":"product-type-simple"},"acf":[],"yoast_head":"<!-- This site is optimized with the Yoast SEO plugin v26.4 - https:\/\/yoast.com\/wordpress\/plugins\/seo\/ -->\n<title>REDUCTION DE LA CARTE DU DUCHE&#039; DE SAVOYE - Istituto Geografico Militare<\/title>\n<meta name=\"robots\" content=\"index, follow, max-snippet:-1, max-image-preview:large, max-video-preview:-1\" \/>\n<link rel=\"canonical\" href=\"https:\/\/igmi.esercito.difesa.it\/en\/prodotto\/392586\/\" \/>\n<meta property=\"og:locale\" content=\"en_US\" \/>\n<meta property=\"og:type\" content=\"article\" \/>\n<meta property=\"og:title\" content=\"REDUCTION DE LA CARTE DU DUCHE&#039; DE SAVOYE - Istituto Geografico Militare\" \/>\n<meta property=\"og:description\" content=\"Carta in pi\u00f9 fogli riuniti e ridotta del Sig. Amoretti. Porta in calce la seguente leggenda esplicativa. &#8220;La presente Carte G\u00e9n\u00e9rale de la Savoye a \u00e9t\u00e9 tir\u00e9e \u00e0 la moiti\u00e9 moins de la Seconde Reduction la quelle est une quatri\u00e8me partie de celle qui a \u00e9t\u00e9 Reduite \u00e0 une Cinqui\u00e8me de Mappes Originales de Chaque [&hellip;]\" \/>\n<meta property=\"og:url\" content=\"https:\/\/igmi.esercito.difesa.it\/en\/prodotto\/392586\/\" \/>\n<meta property=\"og:site_name\" content=\"Istituto Geografico Militare\" \/>\n<meta property=\"article:modified_time\" content=\"2026-04-09T15:13:26+00:00\" \/>\n<meta property=\"og:image\" content=\"https:\/\/igmi.esercito.difesa.it\/wp-content\/uploads\/CA000135.jpg\" \/>\n\t<meta property=\"og:image:width\" content=\"1000\" \/>\n\t<meta property=\"og:image:height\" content=\"1313\" \/>\n\t<meta property=\"og:image:type\" content=\"image\/jpeg\" \/>\n<meta name=\"twitter:card\" content=\"summary_large_image\" \/>\n<meta name=\"twitter:label1\" content=\"Est. reading time\" \/>\n\t<meta name=\"twitter:data1\" content=\"1 minute\" \/>\n<script type=\"application\/ld+json\" class=\"yoast-schema-graph\">{\"@context\":\"https:\/\/schema.org\",\"@graph\":[{\"@type\":\"WebPage\",\"@id\":\"https:\/\/igmi.esercito.difesa.it\/en\/prodotto\/392586\/\",\"url\":\"https:\/\/igmi.esercito.difesa.it\/en\/prodotto\/392586\/\",\"name\":\"REDUCTION DE LA CARTE DU DUCHE' DE SAVOYE - Istituto Geografico Militare\",\"isPartOf\":{\"@id\":\"https:\/\/igmi.esercito.difesa.it\/en\/#website\"},\"primaryImageOfPage\":{\"@id\":\"https:\/\/igmi.esercito.difesa.it\/en\/prodotto\/392586\/#primaryimage\"},\"image\":{\"@id\":\"https:\/\/igmi.esercito.difesa.it\/en\/prodotto\/392586\/#primaryimage\"},\"thumbnailUrl\":\"https:\/\/igmi.esercito.difesa.it\/wp-content\/uploads\/CA000135.jpg\",\"datePublished\":\"2025-06-27T15:44:57+00:00\",\"dateModified\":\"2026-04-09T15:13:26+00:00\",\"breadcrumb\":{\"@id\":\"https:\/\/igmi.esercito.difesa.it\/en\/prodotto\/392586\/#breadcrumb\"},\"inLanguage\":\"en-US\",\"potentialAction\":[{\"@type\":\"ReadAction\",\"target\":[\"https:\/\/igmi.esercito.difesa.it\/en\/prodotto\/392586\/\"]}]},{\"@type\":\"ImageObject\",\"inLanguage\":\"en-US\",\"@id\":\"https:\/\/igmi.esercito.difesa.it\/en\/prodotto\/392586\/#primaryimage\",\"url\":\"https:\/\/igmi.esercito.difesa.it\/wp-content\/uploads\/CA000135.jpg\",\"contentUrl\":\"https:\/\/igmi.esercito.difesa.it\/wp-content\/uploads\/CA000135.jpg\",\"width\":1000,\"height\":1313},{\"@type\":\"BreadcrumbList\",\"@id\":\"https:\/\/igmi.esercito.difesa.it\/en\/prodotto\/392586\/#breadcrumb\",\"itemListElement\":[{\"@type\":\"ListItem\",\"position\":1,\"name\":\"Home\",\"item\":\"https:\/\/igmi.esercito.difesa.it\/en\/homepage\/\"},{\"@type\":\"ListItem\",\"position\":2,\"name\":\"Products\",\"item\":\"https:\/\/igmi.esercito.difesa.it\/en\/shop\/\"},{\"@type\":\"ListItem\",\"position\":3,\"name\":\"REDUCTION DE LA CARTE DU DUCHE&#8217; DE SAVOYE\"}]},{\"@type\":\"WebSite\",\"@id\":\"https:\/\/igmi.esercito.difesa.it\/en\/#website\",\"url\":\"https:\/\/igmi.esercito.difesa.it\/en\/\",\"name\":\"Istituto Geografico Militare\",\"description\":\"Ente cartografico dello stato\",\"publisher\":{\"@id\":\"https:\/\/igmi.esercito.difesa.it\/en\/#organization\"},\"potentialAction\":[{\"@type\":\"SearchAction\",\"target\":{\"@type\":\"EntryPoint\",\"urlTemplate\":\"https:\/\/igmi.esercito.difesa.it\/en\/?s={search_term_string}\"},\"query-input\":{\"@type\":\"PropertyValueSpecification\",\"valueRequired\":true,\"valueName\":\"search_term_string\"}}],\"inLanguage\":\"en-US\"},{\"@type\":\"Organization\",\"@id\":\"https:\/\/igmi.esercito.difesa.it\/en\/#organization\",\"name\":\"Istituto Geografico Militare\",\"url\":\"https:\/\/igmi.esercito.difesa.it\/en\/\",\"logo\":{\"@type\":\"ImageObject\",\"inLanguage\":\"en-US\",\"@id\":\"https:\/\/igmi.esercito.difesa.it\/en\/#\/schema\/logo\/image\/\",\"url\":\"https:\/\/igmi.esercito.difesa.it\/wp-content\/uploads\/2025\/04\/Logo-igm.webp\",\"contentUrl\":\"https:\/\/igmi.esercito.difesa.it\/wp-content\/uploads\/2025\/04\/Logo-igm.webp\",\"width\":1320,\"height\":1696,\"caption\":\"Istituto Geografico Militare\"},\"image\":{\"@id\":\"https:\/\/igmi.esercito.difesa.it\/en\/#\/schema\/logo\/image\/\"}}]}<\/script>\n<!-- \/ Yoast SEO plugin. -->","yoast_head_json":{"title":"REDUCTION DE LA CARTE DU DUCHE' DE SAVOYE - Istituto Geografico Militare","robots":{"index":"index","follow":"follow","max-snippet":"max-snippet:-1","max-image-preview":"max-image-preview:large","max-video-preview":"max-video-preview:-1"},"canonical":"https:\/\/igmi.esercito.difesa.it\/en\/prodotto\/392586\/","og_locale":"en_US","og_type":"article","og_title":"REDUCTION DE LA CARTE DU DUCHE' DE SAVOYE - Istituto Geografico Militare","og_description":"Carta in pi\u00f9 fogli riuniti e ridotta del Sig. Amoretti. Porta in calce la seguente leggenda esplicativa. &#8220;La presente Carte G\u00e9n\u00e9rale de la Savoye a \u00e9t\u00e9 tir\u00e9e \u00e0 la moiti\u00e9 moins de la Seconde Reduction la quelle est une quatri\u00e8me partie de celle qui a \u00e9t\u00e9 Reduite \u00e0 une Cinqui\u00e8me de Mappes Originales de Chaque [&hellip;]","og_url":"https:\/\/igmi.esercito.difesa.it\/en\/prodotto\/392586\/","og_site_name":"Istituto Geografico Militare","article_modified_time":"2026-04-09T15:13:26+00:00","og_image":[{"width":1000,"height":1313,"url":"https:\/\/igmi.esercito.difesa.it\/wp-content\/uploads\/CA000135.jpg","type":"image\/jpeg"}],"twitter_card":"summary_large_image","twitter_misc":{"Est. reading time":"1 minute"},"schema":{"@context":"https:\/\/schema.org","@graph":[{"@type":"WebPage","@id":"https:\/\/igmi.esercito.difesa.it\/en\/prodotto\/392586\/","url":"https:\/\/igmi.esercito.difesa.it\/en\/prodotto\/392586\/","name":"REDUCTION DE LA CARTE DU DUCHE' DE SAVOYE - Istituto Geografico Militare","isPartOf":{"@id":"https:\/\/igmi.esercito.difesa.it\/en\/#website"},"primaryImageOfPage":{"@id":"https:\/\/igmi.esercito.difesa.it\/en\/prodotto\/392586\/#primaryimage"},"image":{"@id":"https:\/\/igmi.esercito.difesa.it\/en\/prodotto\/392586\/#primaryimage"},"thumbnailUrl":"https:\/\/igmi.esercito.difesa.it\/wp-content\/uploads\/CA000135.jpg","datePublished":"2025-06-27T15:44:57+00:00","dateModified":"2026-04-09T15:13:26+00:00","breadcrumb":{"@id":"https:\/\/igmi.esercito.difesa.it\/en\/prodotto\/392586\/#breadcrumb"},"inLanguage":"en-US","potentialAction":[{"@type":"ReadAction","target":["https:\/\/igmi.esercito.difesa.it\/en\/prodotto\/392586\/"]}]},{"@type":"ImageObject","inLanguage":"en-US","@id":"https:\/\/igmi.esercito.difesa.it\/en\/prodotto\/392586\/#primaryimage","url":"https:\/\/igmi.esercito.difesa.it\/wp-content\/uploads\/CA000135.jpg","contentUrl":"https:\/\/igmi.esercito.difesa.it\/wp-content\/uploads\/CA000135.jpg","width":1000,"height":1313},{"@type":"BreadcrumbList","@id":"https:\/\/igmi.esercito.difesa.it\/en\/prodotto\/392586\/#breadcrumb","itemListElement":[{"@type":"ListItem","position":1,"name":"Home","item":"https:\/\/igmi.esercito.difesa.it\/en\/homepage\/"},{"@type":"ListItem","position":2,"name":"Products","item":"https:\/\/igmi.esercito.difesa.it\/en\/shop\/"},{"@type":"ListItem","position":3,"name":"REDUCTION DE LA CARTE DU DUCHE&#8217; DE SAVOYE"}]},{"@type":"WebSite","@id":"https:\/\/igmi.esercito.difesa.it\/en\/#website","url":"https:\/\/igmi.esercito.difesa.it\/en\/","name":"Istituto Geografico Militare","description":"Ente cartografico dello stato","publisher":{"@id":"https:\/\/igmi.esercito.difesa.it\/en\/#organization"},"potentialAction":[{"@type":"SearchAction","target":{"@type":"EntryPoint","urlTemplate":"https:\/\/igmi.esercito.difesa.it\/en\/?s={search_term_string}"},"query-input":{"@type":"PropertyValueSpecification","valueRequired":true,"valueName":"search_term_string"}}],"inLanguage":"en-US"},{"@type":"Organization","@id":"https:\/\/igmi.esercito.difesa.it\/en\/#organization","name":"Istituto Geografico Militare","url":"https:\/\/igmi.esercito.difesa.it\/en\/","logo":{"@type":"ImageObject","inLanguage":"en-US","@id":"https:\/\/igmi.esercito.difesa.it\/en\/#\/schema\/logo\/image\/","url":"https:\/\/igmi.esercito.difesa.it\/wp-content\/uploads\/2025\/04\/Logo-igm.webp","contentUrl":"https:\/\/igmi.esercito.difesa.it\/wp-content\/uploads\/2025\/04\/Logo-igm.webp","width":1320,"height":1696,"caption":"Istituto Geografico Militare"},"image":{"@id":"https:\/\/igmi.esercito.difesa.it\/en\/#\/schema\/logo\/image\/"}}]}},"_links":{"self":[{"href":"https:\/\/igmi.esercito.difesa.it\/en\/wp-json\/wp\/v2\/product\/364985","targetHints":{"allow":["GET"]}}],"collection":[{"href":"https:\/\/igmi.esercito.difesa.it\/en\/wp-json\/wp\/v2\/product"}],"about":[{"href":"https:\/\/igmi.esercito.difesa.it\/en\/wp-json\/wp\/v2\/types\/product"}],"wp:featuredmedia":[{"embeddable":true,"href":"https:\/\/igmi.esercito.difesa.it\/en\/wp-json\/wp\/v2\/media\/490105"}],"wp:attachment":[{"href":"https:\/\/igmi.esercito.difesa.it\/en\/wp-json\/wp\/v2\/media?parent=364985"}],"wp:term":[{"taxonomy":"product_brand","embeddable":true,"href":"https:\/\/igmi.esercito.difesa.it\/en\/wp-json\/wp\/v2\/product_brand?post=364985"},{"taxonomy":"product_cat","embeddable":true,"href":"https:\/\/igmi.esercito.difesa.it\/en\/wp-json\/wp\/v2\/product_cat?post=364985"},{"taxonomy":"product_tag","embeddable":true,"href":"https:\/\/igmi.esercito.difesa.it\/en\/wp-json\/wp\/v2\/product_tag?post=364985"}],"curies":[{"name":"wp","href":"https:\/\/api.w.org\/{rel}","templated":true}]}}

<p>Carta in più fogli riuniti e ridotta del Sig. Amoretti. Porta in calce la seguente leggenda esplicativa. &#8220;La presente Carte Générale de la Savoye a été tirée à la moitié moins de la Seconde Reduction la quelle est une quatrième partie de celle qui a été Reduite à une Cinquième de Mappes Originales de Chaque Territoire levées par les respectiss geometres à ce deputés lors de la Mensuration Générale Commencée en mai 1728 et finie en Aoust 1731 faite a Trabucs Mesure de Piemont = un Trabuc de l&#8217;Echelle de cette Carte vaut en Ligne quarante Trabucs de l&#8217;Arpentage sait en Campagne; il en est de meme à l&#8217;egard de l&#8217;Echelle des Toises. Elle a été réduite par Jean Parpillar et dessinée par Gabriel Grienberger et Francois Schittvein: le Tout verisié par moi Soussigné Avocat Directeur du Bureau de la Perequation des Etats de ce Duché et l&#8217;aiant trouvé consorme j&#8217;ai Signé d&#8217;ordre de Mr. le Comte Bonaud Intendant Général a Chambery ce 25 juin 1737. Cocelli &#8220;.<br />
Rappresentazione limitata alla sola Savoia circoscritta entro i suoi limiti amministrativi. Disegno a penna a più tinte: rosso per i fabbricati, azzurro per le acque, nero per le scritture, giallo pei confini. Orografia a mezza tinta ad acquerello, trattata con notevole efficacia. In complesso una buona Carta ed un prezioso documento di topografia storica per la ricchezza degli elementi topografici e della nomenclatura e per l&#8217;accurata indicazione dei confini delle singole circoscrizioni.<br />
La riduzione alla scala 1:94.500 di questa carta è anche al Documento al numero d&#8217;Ordine 4 &#8211; Cart. d&#8217;Arch. n. 2 &#8211; Docum. n. 10082.</p>

<p>Carta in più fogli riuniti e ridotta del Sig. Amoretti. Porta in calce la seguente leggenda esplicativa. &#8220;La presente Carte Générale de la Savoye a été tirée à la moitié moins de la Seconde Reduction la quelle est une quatrième partie de celle qui a été Reduite à une Cinquième de Mappes Originales de Chaque [&hellip;]</p>

<!-- This site is optimized with the Yoast SEO plugin v26.4 - https://yoast.com/wordpress/plugins/seo/ -->
<title>REDUCTION DE LA CARTE DU DUCHE&#039; DE SAVOYE - Istituto Geografico Militare</title>
<meta name="robots" content="index, follow, max-snippet:-1, max-image-preview:large, max-video-preview:-1" />
<link rel="canonical" href="https://igmi.esercito.difesa.it/en/prodotto/392586/" />
<meta property="og:locale" content="en_US" />
<meta property="og:type" content="article" />
<meta property="og:title" content="REDUCTION DE LA CARTE DU DUCHE&#039; DE SAVOYE - Istituto Geografico Militare" />
<meta property="og:description" content="Carta in più fogli riuniti e ridotta del Sig. Amoretti. Porta in calce la seguente leggenda esplicativa. &#8220;La presente Carte Générale de la Savoye a été tirée à la moitié moins de la Seconde Reduction la quelle est une quatrième partie de celle qui a été Reduite à une Cinquième de Mappes Originales de Chaque [&hellip;]" />
<meta property="og:url" content="https://igmi.esercito.difesa.it/en/prodotto/392586/" />
<meta property="og:site_name" content="Istituto Geografico Militare" />
<meta property="article:modified_time" content="2026-04-09T15:13:26+00:00" />
<meta property="og:image" content="https://igmi.esercito.difesa.it/wp-content/uploads/CA000135.jpg" />
	<meta property="og:image:width" content="1000" />
	<meta property="og:image:height" content="1313" />
	<meta property="og:image:type" content="image/jpeg" />
<meta name="twitter:card" content="summary_large_image" />
<meta name="twitter:label1" content="Est. reading time" />
	<meta name="twitter:data1" content="1 minute" />
<script type="application/ld+json" class="yoast-schema-graph">{"@context":"https://schema.org","@graph":[{"@type":"WebPage","@id":"https://igmi.esercito.difesa.it/en/prodotto/392586/","url":"https://igmi.esercito.difesa.it/en/prodotto/392586/","name":"REDUCTION DE LA CARTE DU DUCHE' DE SAVOYE - Istituto Geografico Militare","isPartOf":{"@id":"https://igmi.esercito.difesa.it/en/#website"},"primaryImageOfPage":{"@id":"https://igmi.esercito.difesa.it/en/prodotto/392586/#primaryimage"},"image":{"@id":"https://igmi.esercito.difesa.it/en/prodotto/392586/#primaryimage"},"thumbnailUrl":"https://igmi.esercito.difesa.it/wp-content/uploads/CA000135.jpg","datePublished":"2025-06-27T15:44:57+00:00","dateModified":"2026-04-09T15:13:26+00:00","breadcrumb":{"@id":"https://igmi.esercito.difesa.it/en/prodotto/392586/#breadcrumb"},"inLanguage":"en-US","potentialAction":[{"@type":"ReadAction","target":["https://igmi.esercito.difesa.it/en/prodotto/392586/"]}]},{"@type":"ImageObject","inLanguage":"en-US","@id":"https://igmi.esercito.difesa.it/en/prodotto/392586/#primaryimage","url":"https://igmi.esercito.difesa.it/wp-content/uploads/CA000135.jpg","contentUrl":"https://igmi.esercito.difesa.it/wp-content/uploads/CA000135.jpg","width":1000,"height":1313},{"@type":"BreadcrumbList","@id":"https://igmi.esercito.difesa.it/en/prodotto/392586/#breadcrumb","itemListElement":[{"@type":"ListItem","position":1,"name":"Home","item":"https://igmi.esercito.difesa.it/en/homepage/"},{"@type":"ListItem","position":2,"name":"Products","item":"https://igmi.esercito.difesa.it/en/shop/"},{"@type":"ListItem","position":3,"name":"REDUCTION DE LA CARTE DU DUCHE&#8217; DE SAVOYE"}]},{"@type":"WebSite","@id":"https://igmi.esercito.difesa.it/en/#website","url":"https://igmi.esercito.difesa.it/en/","name":"Istituto Geografico Militare","description":"Ente cartografico dello stato","publisher":{"@id":"https://igmi.esercito.difesa.it/en/#organization"},"potentialAction":[{"@type":"SearchAction","target":{"@type":"EntryPoint","urlTemplate":"https://igmi.esercito.difesa.it/en/?s={search_term_string}"},"query-input":{"@type":"PropertyValueSpecification","valueRequired":true,"valueName":"search_term_string"}}],"inLanguage":"en-US"},{"@type":"Organization","@id":"https://igmi.esercito.difesa.it/en/#organization","name":"Istituto Geografico Militare","url":"https://igmi.esercito.difesa.it/en/","logo":{"@type":"ImageObject","inLanguage":"en-US","@id":"https://igmi.esercito.difesa.it/en/#/schema/logo/image/","url":"https://igmi.esercito.difesa.it/wp-content/uploads/2025/04/Logo-igm.webp","contentUrl":"https://igmi.esercito.difesa.it/wp-content/uploads/2025/04/Logo-igm.webp","width":1320,"height":1696,"caption":"Istituto Geografico Militare"},"image":{"@id":"https://igmi.esercito.difesa.it/en/#/schema/logo/image/"}}]}</script>
<!-- / Yoast SEO plugin. -->

Carta in più fogli riuniti e ridotta del Sig. Amoretti. Porta in calce la seguente leggenda esplicativa. &#8220;La presente Carte Générale de la Savoye a été tirée à la moitié moins de la Seconde Reduction la quelle est une quatrième partie de celle qui a été Reduite à une Cinquième de Mappes Originales de Chaque [&hellip;]
