{"id":369659,"date":"2025-06-28T00:02:47","date_gmt":"2025-06-27T22:02:47","guid":{"rendered":"https:\/\/igmi.esercito.difesa.it\/prodotto\/394240\/"},"modified":"2026-04-09T19:26:45","modified_gmt":"2026-04-09T17:26:45","slug":"394240","status":"publish","type":"product","link":"https:\/\/igmi.esercito.difesa.it\/en\/prodotto\/394240\/","title":{"rendered":"REDUCTION DE LA PROVINCE DE TARENTAISE LEVEE LE 14 JUIN 1761 &#8211; FOGLIO 1"},"content":{"rendered":"<p>Scala grafica di 2000 trabucchi = m. 0,129 &#8220;A&#8217; LA VINGTIEME DE L&#8217;ECHELLE DE SAVOIE&#8221;.<br \/>\nDue grandi fogli disegnati a penna ed acquerellati; di cui un foglio porta la firma di Vittorio Brambilla e l&#8217;altra quella di Joseph Conti Ing. e la data Turin le 5 Aout 1818,  su ambedue il V.o del Generale Barone di Monthoux Capo di Stato Maggiore Generale. Sebbene i due fogli formino una carta unica ed in complesso appaia artisticamente disegnata, assai evidente \u00e8 la superiorit\u00e0 del valore artistico, per ci\u00f2 che riguarda specialmente la figurazione della montagna, di quello occidentale disegnato dal Brambilla.  E&#8217; la riduzione della Carte J.re de la Province de Tarentaise (Cart. d&#8217;Arch. n. 2, Docum. n.30), ma, nonostante la scala ridotta, la carta contiene tutti i particolari topografici e tutti i nomi della carta derivata, mancano invece le indicazioni dei boschi.<\/p>\n","protected":false},"excerpt":{"rendered":"<p>Scala grafica di 2000 trabucchi = m. 0,129 &#8220;A&#8217; LA VINGTIEME DE L&#8217;ECHELLE DE SAVOIE&#8221;. Due grandi fogli disegnati a penna ed acquerellati; di cui un foglio porta la firma di Vittorio Brambilla e l&#8217;altra quella di Joseph Conti Ing. e la data Turin le 5 Aout 1818, su ambedue il V.o del Generale Barone [&hellip;]<\/p>\n","protected":false},"featured_media":715709,"template":"","meta":{"_acf_changed":false},"product_brand":[],"product_cat":[191,447],"product_tag":[334],"class_list":{"0":"post-369659","1":"product","2":"type-product","3":"status-publish","4":"has-post-thumbnail","6":"product_cat-carte-antiche","7":"product_cat-tecnica_risoluzione_carta_antica","8":"product_tag-carta-antica","10":"first","11":"instock","12":"downloadable","13":"virtual","14":"sold-individually","15":"taxable","16":"purchasable","17":"product-type-simple"},"acf":[],"yoast_head":"<!-- This site is optimized with the Yoast SEO plugin v26.4 - https:\/\/yoast.com\/wordpress\/plugins\/seo\/ -->\n<title>REDUCTION DE LA PROVINCE DE TARENTAISE LEVEE LE 14 JUIN 1761 - FOGLIO 1 - Istituto Geografico Militare<\/title>\n<meta name=\"robots\" content=\"index, follow, max-snippet:-1, max-image-preview:large, max-video-preview:-1\" \/>\n<link rel=\"canonical\" href=\"https:\/\/igmi.esercito.difesa.it\/en\/prodotto\/394240\/\" \/>\n<meta property=\"og:locale\" content=\"en_US\" \/>\n<meta property=\"og:type\" content=\"article\" \/>\n<meta property=\"og:title\" content=\"REDUCTION DE LA PROVINCE DE TARENTAISE LEVEE LE 14 JUIN 1761 - FOGLIO 1 - Istituto Geografico Militare\" \/>\n<meta property=\"og:description\" content=\"Scala grafica di 2000 trabucchi = m. 0,129 &#8220;A&#8217; LA VINGTIEME DE L&#8217;ECHELLE DE SAVOIE&#8221;. Due grandi fogli disegnati a penna ed acquerellati; di cui un foglio porta la firma di Vittorio Brambilla e l&#8217;altra quella di Joseph Conti Ing. e la data Turin le 5 Aout 1818, su ambedue il V.o del Generale Barone [&hellip;]\" \/>\n<meta property=\"og:url\" content=\"https:\/\/igmi.esercito.difesa.it\/en\/prodotto\/394240\/\" \/>\n<meta property=\"og:site_name\" content=\"Istituto Geografico Militare\" \/>\n<meta property=\"article:modified_time\" content=\"2026-04-09T17:26:45+00:00\" \/>\n<meta property=\"og:image\" content=\"https:\/\/igmi.esercito.difesa.it\/wp-content\/uploads\/CA000164.jpg\" \/>\n\t<meta property=\"og:image:width\" content=\"1000\" \/>\n\t<meta property=\"og:image:height\" content=\"2122\" \/>\n\t<meta property=\"og:image:type\" content=\"image\/jpeg\" \/>\n<meta name=\"twitter:card\" content=\"summary_large_image\" \/>\n<meta name=\"twitter:label1\" content=\"Est. reading time\" \/>\n\t<meta name=\"twitter:data1\" content=\"1 minute\" \/>\n<script type=\"application\/ld+json\" class=\"yoast-schema-graph\">{\"@context\":\"https:\/\/schema.org\",\"@graph\":[{\"@type\":\"WebPage\",\"@id\":\"https:\/\/igmi.esercito.difesa.it\/en\/prodotto\/394240\/\",\"url\":\"https:\/\/igmi.esercito.difesa.it\/en\/prodotto\/394240\/\",\"name\":\"REDUCTION DE LA PROVINCE DE TARENTAISE LEVEE LE 14 JUIN 1761 - FOGLIO 1 - Istituto Geografico Militare\",\"isPartOf\":{\"@id\":\"https:\/\/igmi.esercito.difesa.it\/en\/#website\"},\"primaryImageOfPage\":{\"@id\":\"https:\/\/igmi.esercito.difesa.it\/en\/prodotto\/394240\/#primaryimage\"},\"image\":{\"@id\":\"https:\/\/igmi.esercito.difesa.it\/en\/prodotto\/394240\/#primaryimage\"},\"thumbnailUrl\":\"https:\/\/igmi.esercito.difesa.it\/wp-content\/uploads\/CA000164.jpg\",\"datePublished\":\"2025-06-27T22:02:47+00:00\",\"dateModified\":\"2026-04-09T17:26:45+00:00\",\"breadcrumb\":{\"@id\":\"https:\/\/igmi.esercito.difesa.it\/en\/prodotto\/394240\/#breadcrumb\"},\"inLanguage\":\"en-US\",\"potentialAction\":[{\"@type\":\"ReadAction\",\"target\":[\"https:\/\/igmi.esercito.difesa.it\/en\/prodotto\/394240\/\"]}]},{\"@type\":\"ImageObject\",\"inLanguage\":\"en-US\",\"@id\":\"https:\/\/igmi.esercito.difesa.it\/en\/prodotto\/394240\/#primaryimage\",\"url\":\"https:\/\/igmi.esercito.difesa.it\/wp-content\/uploads\/CA000164.jpg\",\"contentUrl\":\"https:\/\/igmi.esercito.difesa.it\/wp-content\/uploads\/CA000164.jpg\",\"width\":1000,\"height\":2122},{\"@type\":\"BreadcrumbList\",\"@id\":\"https:\/\/igmi.esercito.difesa.it\/en\/prodotto\/394240\/#breadcrumb\",\"itemListElement\":[{\"@type\":\"ListItem\",\"position\":1,\"name\":\"Home\",\"item\":\"https:\/\/igmi.esercito.difesa.it\/en\/homepage\/\"},{\"@type\":\"ListItem\",\"position\":2,\"name\":\"Products\",\"item\":\"https:\/\/igmi.esercito.difesa.it\/en\/shop\/\"},{\"@type\":\"ListItem\",\"position\":3,\"name\":\"REDUCTION DE LA PROVINCE DE TARENTAISE LEVEE LE 14 JUIN 1761 &#8211; FOGLIO 1\"}]},{\"@type\":\"WebSite\",\"@id\":\"https:\/\/igmi.esercito.difesa.it\/en\/#website\",\"url\":\"https:\/\/igmi.esercito.difesa.it\/en\/\",\"name\":\"Istituto Geografico Militare\",\"description\":\"Ente cartografico dello stato\",\"publisher\":{\"@id\":\"https:\/\/igmi.esercito.difesa.it\/en\/#organization\"},\"potentialAction\":[{\"@type\":\"SearchAction\",\"target\":{\"@type\":\"EntryPoint\",\"urlTemplate\":\"https:\/\/igmi.esercito.difesa.it\/en\/?s={search_term_string}\"},\"query-input\":{\"@type\":\"PropertyValueSpecification\",\"valueRequired\":true,\"valueName\":\"search_term_string\"}}],\"inLanguage\":\"en-US\"},{\"@type\":\"Organization\",\"@id\":\"https:\/\/igmi.esercito.difesa.it\/en\/#organization\",\"name\":\"Istituto Geografico Militare\",\"url\":\"https:\/\/igmi.esercito.difesa.it\/en\/\",\"logo\":{\"@type\":\"ImageObject\",\"inLanguage\":\"en-US\",\"@id\":\"https:\/\/igmi.esercito.difesa.it\/en\/#\/schema\/logo\/image\/\",\"url\":\"https:\/\/igmi.esercito.difesa.it\/wp-content\/uploads\/2025\/04\/Logo-igm.webp\",\"contentUrl\":\"https:\/\/igmi.esercito.difesa.it\/wp-content\/uploads\/2025\/04\/Logo-igm.webp\",\"width\":1320,\"height\":1696,\"caption\":\"Istituto Geografico Militare\"},\"image\":{\"@id\":\"https:\/\/igmi.esercito.difesa.it\/en\/#\/schema\/logo\/image\/\"}}]}<\/script>\n<!-- \/ Yoast SEO plugin. -->","yoast_head_json":{"title":"REDUCTION DE LA PROVINCE DE TARENTAISE LEVEE LE 14 JUIN 1761 - FOGLIO 1 - Istituto Geografico Militare","robots":{"index":"index","follow":"follow","max-snippet":"max-snippet:-1","max-image-preview":"max-image-preview:large","max-video-preview":"max-video-preview:-1"},"canonical":"https:\/\/igmi.esercito.difesa.it\/en\/prodotto\/394240\/","og_locale":"en_US","og_type":"article","og_title":"REDUCTION DE LA PROVINCE DE TARENTAISE LEVEE LE 14 JUIN 1761 - FOGLIO 1 - Istituto Geografico Militare","og_description":"Scala grafica di 2000 trabucchi = m. 0,129 &#8220;A&#8217; LA VINGTIEME DE L&#8217;ECHELLE DE SAVOIE&#8221;. Due grandi fogli disegnati a penna ed acquerellati; di cui un foglio porta la firma di Vittorio Brambilla e l&#8217;altra quella di Joseph Conti Ing. e la data Turin le 5 Aout 1818, su ambedue il V.o del Generale Barone [&hellip;]","og_url":"https:\/\/igmi.esercito.difesa.it\/en\/prodotto\/394240\/","og_site_name":"Istituto Geografico Militare","article_modified_time":"2026-04-09T17:26:45+00:00","og_image":[{"width":1000,"height":2122,"url":"https:\/\/igmi.esercito.difesa.it\/wp-content\/uploads\/CA000164.jpg","type":"image\/jpeg"}],"twitter_card":"summary_large_image","twitter_misc":{"Est. reading time":"1 minute"},"schema":{"@context":"https:\/\/schema.org","@graph":[{"@type":"WebPage","@id":"https:\/\/igmi.esercito.difesa.it\/en\/prodotto\/394240\/","url":"https:\/\/igmi.esercito.difesa.it\/en\/prodotto\/394240\/","name":"REDUCTION DE LA PROVINCE DE TARENTAISE LEVEE LE 14 JUIN 1761 - FOGLIO 1 - Istituto Geografico Militare","isPartOf":{"@id":"https:\/\/igmi.esercito.difesa.it\/en\/#website"},"primaryImageOfPage":{"@id":"https:\/\/igmi.esercito.difesa.it\/en\/prodotto\/394240\/#primaryimage"},"image":{"@id":"https:\/\/igmi.esercito.difesa.it\/en\/prodotto\/394240\/#primaryimage"},"thumbnailUrl":"https:\/\/igmi.esercito.difesa.it\/wp-content\/uploads\/CA000164.jpg","datePublished":"2025-06-27T22:02:47+00:00","dateModified":"2026-04-09T17:26:45+00:00","breadcrumb":{"@id":"https:\/\/igmi.esercito.difesa.it\/en\/prodotto\/394240\/#breadcrumb"},"inLanguage":"en-US","potentialAction":[{"@type":"ReadAction","target":["https:\/\/igmi.esercito.difesa.it\/en\/prodotto\/394240\/"]}]},{"@type":"ImageObject","inLanguage":"en-US","@id":"https:\/\/igmi.esercito.difesa.it\/en\/prodotto\/394240\/#primaryimage","url":"https:\/\/igmi.esercito.difesa.it\/wp-content\/uploads\/CA000164.jpg","contentUrl":"https:\/\/igmi.esercito.difesa.it\/wp-content\/uploads\/CA000164.jpg","width":1000,"height":2122},{"@type":"BreadcrumbList","@id":"https:\/\/igmi.esercito.difesa.it\/en\/prodotto\/394240\/#breadcrumb","itemListElement":[{"@type":"ListItem","position":1,"name":"Home","item":"https:\/\/igmi.esercito.difesa.it\/en\/homepage\/"},{"@type":"ListItem","position":2,"name":"Products","item":"https:\/\/igmi.esercito.difesa.it\/en\/shop\/"},{"@type":"ListItem","position":3,"name":"REDUCTION DE LA PROVINCE DE TARENTAISE LEVEE LE 14 JUIN 1761 &#8211; FOGLIO 1"}]},{"@type":"WebSite","@id":"https:\/\/igmi.esercito.difesa.it\/en\/#website","url":"https:\/\/igmi.esercito.difesa.it\/en\/","name":"Istituto Geografico Militare","description":"Ente cartografico dello stato","publisher":{"@id":"https:\/\/igmi.esercito.difesa.it\/en\/#organization"},"potentialAction":[{"@type":"SearchAction","target":{"@type":"EntryPoint","urlTemplate":"https:\/\/igmi.esercito.difesa.it\/en\/?s={search_term_string}"},"query-input":{"@type":"PropertyValueSpecification","valueRequired":true,"valueName":"search_term_string"}}],"inLanguage":"en-US"},{"@type":"Organization","@id":"https:\/\/igmi.esercito.difesa.it\/en\/#organization","name":"Istituto Geografico Militare","url":"https:\/\/igmi.esercito.difesa.it\/en\/","logo":{"@type":"ImageObject","inLanguage":"en-US","@id":"https:\/\/igmi.esercito.difesa.it\/en\/#\/schema\/logo\/image\/","url":"https:\/\/igmi.esercito.difesa.it\/wp-content\/uploads\/2025\/04\/Logo-igm.webp","contentUrl":"https:\/\/igmi.esercito.difesa.it\/wp-content\/uploads\/2025\/04\/Logo-igm.webp","width":1320,"height":1696,"caption":"Istituto Geografico Militare"},"image":{"@id":"https:\/\/igmi.esercito.difesa.it\/en\/#\/schema\/logo\/image\/"}}]}},"_links":{"self":[{"href":"https:\/\/igmi.esercito.difesa.it\/en\/wp-json\/wp\/v2\/product\/369659","targetHints":{"allow":["GET"]}}],"collection":[{"href":"https:\/\/igmi.esercito.difesa.it\/en\/wp-json\/wp\/v2\/product"}],"about":[{"href":"https:\/\/igmi.esercito.difesa.it\/en\/wp-json\/wp\/v2\/types\/product"}],"wp:featuredmedia":[{"embeddable":true,"href":"https:\/\/igmi.esercito.difesa.it\/en\/wp-json\/wp\/v2\/media\/715709"}],"wp:attachment":[{"href":"https:\/\/igmi.esercito.difesa.it\/en\/wp-json\/wp\/v2\/media?parent=369659"}],"wp:term":[{"taxonomy":"product_brand","embeddable":true,"href":"https:\/\/igmi.esercito.difesa.it\/en\/wp-json\/wp\/v2\/product_brand?post=369659"},{"taxonomy":"product_cat","embeddable":true,"href":"https:\/\/igmi.esercito.difesa.it\/en\/wp-json\/wp\/v2\/product_cat?post=369659"},{"taxonomy":"product_tag","embeddable":true,"href":"https:\/\/igmi.esercito.difesa.it\/en\/wp-json\/wp\/v2\/product_tag?post=369659"}],"curies":[{"name":"wp","href":"https:\/\/api.w.org\/{rel}","templated":true}]}}

<p>Scala grafica di 2000 trabucchi = m. 0,129 &#8220;A&#8217; LA VINGTIEME DE L&#8217;ECHELLE DE SAVOIE&#8221;.<br />
Due grandi fogli disegnati a penna ed acquerellati; di cui un foglio porta la firma di Vittorio Brambilla e l&#8217;altra quella di Joseph Conti Ing. e la data Turin le 5 Aout 1818,  su ambedue il V.o del Generale Barone di Monthoux Capo di Stato Maggiore Generale. Sebbene i due fogli formino una carta unica ed in complesso appaia artisticamente disegnata, assai evidente è la superiorità del valore artistico, per ciò che riguarda specialmente la figurazione della montagna, di quello occidentale disegnato dal Brambilla.  E&#8217; la riduzione della Carte J.re de la Province de Tarentaise (Cart. d&#8217;Arch. n. 2, Docum. n.30), ma, nonostante la scala ridotta, la carta contiene tutti i particolari topografici e tutti i nomi della carta derivata, mancano invece le indicazioni dei boschi.</p>
