{"id":378691,"date":"2025-06-28T11:50:54","date_gmt":"2025-06-28T09:50:54","guid":{"rendered":"https:\/\/igmi.esercito.difesa.it\/prodotto\/397168\/"},"modified":"2026-04-09T23:26:55","modified_gmt":"2026-04-09T21:26:55","slug":"397168","status":"publish","type":"product","link":"https:\/\/igmi.esercito.difesa.it\/en\/prodotto\/397168\/","title":{"rendered":"PLAN ET ENVIRONS DES RETRANCHEMENTS DES COLS DE FENETRES, ET FATIERES DEPUIS LA VALLETTE JUSQUE AUX HAUTEURS DE FENESTRELLE OU SE TROUVENT LES CHEMINS DE COMUNICATION DES DITS RETRANCHEMENTS AU CAMP DE CATTINAL."},"content":{"rendered":"<p>Un foglio disegnato a penna ed acquerellato rappresentante la zona montana tra le vallate del Chisone e della Dora e tracciati con accuratezza i trinceramenti del Col delle Finestre e le vie di comunicazione. L&#8217;orografia \u00e8 raffigurata con sistema semiprospettico. Sotto il titolo la firma di Marciot che \u00e8 forse l&#8217;autore. Non porta indicazione di data ma si pu\u00f2 ritenere della fine del secolo XVIII.<\/p>\n","protected":false},"excerpt":{"rendered":"<p>Un foglio disegnato a penna ed acquerellato rappresentante la zona montana tra le vallate del Chisone e della Dora e tracciati con accuratezza i trinceramenti del Col delle Finestre e le vie di comunicazione. L&#8217;orografia \u00e8 raffigurata con sistema semiprospettico. Sotto il titolo la firma di Marciot che \u00e8 forse l&#8217;autore. Non porta indicazione di [&hellip;]<\/p>\n","protected":false},"featured_media":748473,"template":"","meta":{"_acf_changed":false},"product_brand":[],"product_cat":[191,447],"product_tag":[334],"class_list":{"0":"post-378691","1":"product","2":"type-product","3":"status-publish","4":"has-post-thumbnail","6":"product_cat-carte-antiche","7":"product_cat-tecnica_risoluzione_carta_antica","8":"product_tag-carta-antica","10":"first","11":"instock","12":"downloadable","13":"virtual","14":"sold-individually","15":"taxable","16":"purchasable","17":"product-type-simple"},"acf":[],"yoast_head":"<!-- This site is optimized with the Yoast SEO plugin v26.4 - https:\/\/yoast.com\/wordpress\/plugins\/seo\/ -->\n<title>PLAN ET ENVIRONS DES RETRANCHEMENTS DES COLS DE FENETRES, ET FATIERES DEPUIS LA VALLETTE JUSQUE AUX HAUTEURS DE FENESTRELLE OU SE TROUVENT LES CHEMINS DE COMUNICATION DES DITS RETRANCHEMENTS AU CAMP DE CATTINAL. - Istituto Geografico Militare<\/title>\n<meta name=\"robots\" content=\"index, follow, max-snippet:-1, max-image-preview:large, max-video-preview:-1\" \/>\n<link rel=\"canonical\" href=\"https:\/\/igmi.esercito.difesa.it\/en\/prodotto\/397168\/\" \/>\n<meta property=\"og:locale\" content=\"en_US\" \/>\n<meta property=\"og:type\" content=\"article\" \/>\n<meta property=\"og:title\" content=\"PLAN ET ENVIRONS DES RETRANCHEMENTS DES COLS DE FENETRES, ET FATIERES DEPUIS LA VALLETTE JUSQUE AUX HAUTEURS DE FENESTRELLE OU SE TROUVENT LES CHEMINS DE COMUNICATION DES DITS RETRANCHEMENTS AU CAMP DE CATTINAL. - Istituto Geografico Militare\" \/>\n<meta property=\"og:description\" content=\"Un foglio disegnato a penna ed acquerellato rappresentante la zona montana tra le vallate del Chisone e della Dora e tracciati con accuratezza i trinceramenti del Col delle Finestre e le vie di comunicazione. L&#8217;orografia \u00e8 raffigurata con sistema semiprospettico. Sotto il titolo la firma di Marciot che \u00e8 forse l&#8217;autore. Non porta indicazione di [&hellip;]\" \/>\n<meta property=\"og:url\" content=\"https:\/\/igmi.esercito.difesa.it\/en\/prodotto\/397168\/\" \/>\n<meta property=\"og:site_name\" content=\"Istituto Geografico Militare\" \/>\n<meta property=\"article:modified_time\" content=\"2026-04-09T21:26:55+00:00\" \/>\n<meta property=\"og:image\" content=\"https:\/\/igmi.esercito.difesa.it\/wp-content\/uploads\/CA001592.jpg\" \/>\n\t<meta property=\"og:image:width\" content=\"1000\" \/>\n\t<meta property=\"og:image:height\" content=\"1154\" \/>\n\t<meta property=\"og:image:type\" content=\"image\/jpeg\" \/>\n<meta name=\"twitter:card\" content=\"summary_large_image\" \/>\n<script type=\"application\/ld+json\" class=\"yoast-schema-graph\">{\"@context\":\"https:\/\/schema.org\",\"@graph\":[{\"@type\":\"WebPage\",\"@id\":\"https:\/\/igmi.esercito.difesa.it\/en\/prodotto\/397168\/\",\"url\":\"https:\/\/igmi.esercito.difesa.it\/en\/prodotto\/397168\/\",\"name\":\"PLAN ET ENVIRONS DES RETRANCHEMENTS DES COLS DE FENETRES, ET FATIERES DEPUIS LA VALLETTE JUSQUE AUX HAUTEURS DE FENESTRELLE OU SE TROUVENT LES CHEMINS DE COMUNICATION DES DITS RETRANCHEMENTS AU CAMP DE CATTINAL. - Istituto Geografico Militare\",\"isPartOf\":{\"@id\":\"https:\/\/igmi.esercito.difesa.it\/en\/#website\"},\"primaryImageOfPage\":{\"@id\":\"https:\/\/igmi.esercito.difesa.it\/en\/prodotto\/397168\/#primaryimage\"},\"image\":{\"@id\":\"https:\/\/igmi.esercito.difesa.it\/en\/prodotto\/397168\/#primaryimage\"},\"thumbnailUrl\":\"https:\/\/igmi.esercito.difesa.it\/wp-content\/uploads\/CA001592.jpg\",\"datePublished\":\"2025-06-28T09:50:54+00:00\",\"dateModified\":\"2026-04-09T21:26:55+00:00\",\"breadcrumb\":{\"@id\":\"https:\/\/igmi.esercito.difesa.it\/en\/prodotto\/397168\/#breadcrumb\"},\"inLanguage\":\"en-US\",\"potentialAction\":[{\"@type\":\"ReadAction\",\"target\":[\"https:\/\/igmi.esercito.difesa.it\/en\/prodotto\/397168\/\"]}]},{\"@type\":\"ImageObject\",\"inLanguage\":\"en-US\",\"@id\":\"https:\/\/igmi.esercito.difesa.it\/en\/prodotto\/397168\/#primaryimage\",\"url\":\"https:\/\/igmi.esercito.difesa.it\/wp-content\/uploads\/CA001592.jpg\",\"contentUrl\":\"https:\/\/igmi.esercito.difesa.it\/wp-content\/uploads\/CA001592.jpg\",\"width\":1000,\"height\":1154},{\"@type\":\"BreadcrumbList\",\"@id\":\"https:\/\/igmi.esercito.difesa.it\/en\/prodotto\/397168\/#breadcrumb\",\"itemListElement\":[{\"@type\":\"ListItem\",\"position\":1,\"name\":\"Home\",\"item\":\"https:\/\/igmi.esercito.difesa.it\/en\/\"},{\"@type\":\"ListItem\",\"position\":2,\"name\":\"Products\",\"item\":\"https:\/\/igmi.esercito.difesa.it\/en\/shop\/\"},{\"@type\":\"ListItem\",\"position\":3,\"name\":\"PLAN ET ENVIRONS DES RETRANCHEMENTS DES COLS DE FENETRES, ET FATIERES DEPUIS LA VALLETTE JUSQUE AUX HAUTEURS DE FENESTRELLE OU SE TROUVENT LES CHEMINS DE COMUNICATION DES DITS RETRANCHEMENTS AU CAMP DE CATTINAL.\"}]},{\"@type\":\"WebSite\",\"@id\":\"https:\/\/igmi.esercito.difesa.it\/en\/#website\",\"url\":\"https:\/\/igmi.esercito.difesa.it\/en\/\",\"name\":\"Istituto Geografico Militare\",\"description\":\"Ente cartografico dello stato\",\"publisher\":{\"@id\":\"https:\/\/igmi.esercito.difesa.it\/en\/#organization\"},\"potentialAction\":[{\"@type\":\"SearchAction\",\"target\":{\"@type\":\"EntryPoint\",\"urlTemplate\":\"https:\/\/igmi.esercito.difesa.it\/en\/?s={search_term_string}\"},\"query-input\":{\"@type\":\"PropertyValueSpecification\",\"valueRequired\":true,\"valueName\":\"search_term_string\"}}],\"inLanguage\":\"en-US\"},{\"@type\":\"Organization\",\"@id\":\"https:\/\/igmi.esercito.difesa.it\/en\/#organization\",\"name\":\"Istituto Geografico Militare\",\"url\":\"https:\/\/igmi.esercito.difesa.it\/en\/\",\"logo\":{\"@type\":\"ImageObject\",\"inLanguage\":\"en-US\",\"@id\":\"https:\/\/igmi.esercito.difesa.it\/en\/#\/schema\/logo\/image\/\",\"url\":\"https:\/\/igmi.esercito.difesa.it\/wp-content\/uploads\/2025\/04\/Logo-igm.webp\",\"contentUrl\":\"https:\/\/igmi.esercito.difesa.it\/wp-content\/uploads\/2025\/04\/Logo-igm.webp\",\"width\":1320,\"height\":1696,\"caption\":\"Istituto Geografico Militare\"},\"image\":{\"@id\":\"https:\/\/igmi.esercito.difesa.it\/en\/#\/schema\/logo\/image\/\"}}]}<\/script>\n<!-- \/ Yoast SEO plugin. -->","yoast_head_json":{"title":"PLAN ET ENVIRONS DES RETRANCHEMENTS DES COLS DE FENETRES, ET FATIERES DEPUIS LA VALLETTE JUSQUE AUX HAUTEURS DE FENESTRELLE OU SE TROUVENT LES CHEMINS DE COMUNICATION DES DITS RETRANCHEMENTS AU CAMP DE CATTINAL. - Istituto Geografico Militare","robots":{"index":"index","follow":"follow","max-snippet":"max-snippet:-1","max-image-preview":"max-image-preview:large","max-video-preview":"max-video-preview:-1"},"canonical":"https:\/\/igmi.esercito.difesa.it\/en\/prodotto\/397168\/","og_locale":"en_US","og_type":"article","og_title":"PLAN ET ENVIRONS DES RETRANCHEMENTS DES COLS DE FENETRES, ET FATIERES DEPUIS LA VALLETTE JUSQUE AUX HAUTEURS DE FENESTRELLE OU SE TROUVENT LES CHEMINS DE COMUNICATION DES DITS RETRANCHEMENTS AU CAMP DE CATTINAL. - Istituto Geografico Militare","og_description":"Un foglio disegnato a penna ed acquerellato rappresentante la zona montana tra le vallate del Chisone e della Dora e tracciati con accuratezza i trinceramenti del Col delle Finestre e le vie di comunicazione. L&#8217;orografia \u00e8 raffigurata con sistema semiprospettico. Sotto il titolo la firma di Marciot che \u00e8 forse l&#8217;autore. Non porta indicazione di [&hellip;]","og_url":"https:\/\/igmi.esercito.difesa.it\/en\/prodotto\/397168\/","og_site_name":"Istituto Geografico Militare","article_modified_time":"2026-04-09T21:26:55+00:00","og_image":[{"width":1000,"height":1154,"url":"https:\/\/igmi.esercito.difesa.it\/wp-content\/uploads\/CA001592.jpg","type":"image\/jpeg"}],"twitter_card":"summary_large_image","schema":{"@context":"https:\/\/schema.org","@graph":[{"@type":"WebPage","@id":"https:\/\/igmi.esercito.difesa.it\/en\/prodotto\/397168\/","url":"https:\/\/igmi.esercito.difesa.it\/en\/prodotto\/397168\/","name":"PLAN ET ENVIRONS DES RETRANCHEMENTS DES COLS DE FENETRES, ET FATIERES DEPUIS LA VALLETTE JUSQUE AUX HAUTEURS DE FENESTRELLE OU SE TROUVENT LES CHEMINS DE COMUNICATION DES DITS RETRANCHEMENTS AU CAMP DE CATTINAL. - Istituto Geografico Militare","isPartOf":{"@id":"https:\/\/igmi.esercito.difesa.it\/en\/#website"},"primaryImageOfPage":{"@id":"https:\/\/igmi.esercito.difesa.it\/en\/prodotto\/397168\/#primaryimage"},"image":{"@id":"https:\/\/igmi.esercito.difesa.it\/en\/prodotto\/397168\/#primaryimage"},"thumbnailUrl":"https:\/\/igmi.esercito.difesa.it\/wp-content\/uploads\/CA001592.jpg","datePublished":"2025-06-28T09:50:54+00:00","dateModified":"2026-04-09T21:26:55+00:00","breadcrumb":{"@id":"https:\/\/igmi.esercito.difesa.it\/en\/prodotto\/397168\/#breadcrumb"},"inLanguage":"en-US","potentialAction":[{"@type":"ReadAction","target":["https:\/\/igmi.esercito.difesa.it\/en\/prodotto\/397168\/"]}]},{"@type":"ImageObject","inLanguage":"en-US","@id":"https:\/\/igmi.esercito.difesa.it\/en\/prodotto\/397168\/#primaryimage","url":"https:\/\/igmi.esercito.difesa.it\/wp-content\/uploads\/CA001592.jpg","contentUrl":"https:\/\/igmi.esercito.difesa.it\/wp-content\/uploads\/CA001592.jpg","width":1000,"height":1154},{"@type":"BreadcrumbList","@id":"https:\/\/igmi.esercito.difesa.it\/en\/prodotto\/397168\/#breadcrumb","itemListElement":[{"@type":"ListItem","position":1,"name":"Home","item":"https:\/\/igmi.esercito.difesa.it\/en\/"},{"@type":"ListItem","position":2,"name":"Products","item":"https:\/\/igmi.esercito.difesa.it\/en\/shop\/"},{"@type":"ListItem","position":3,"name":"PLAN ET ENVIRONS DES RETRANCHEMENTS DES COLS DE FENETRES, ET FATIERES DEPUIS LA VALLETTE JUSQUE AUX HAUTEURS DE FENESTRELLE OU SE TROUVENT LES CHEMINS DE COMUNICATION DES DITS RETRANCHEMENTS AU CAMP DE CATTINAL."}]},{"@type":"WebSite","@id":"https:\/\/igmi.esercito.difesa.it\/en\/#website","url":"https:\/\/igmi.esercito.difesa.it\/en\/","name":"Istituto Geografico Militare","description":"Ente cartografico dello stato","publisher":{"@id":"https:\/\/igmi.esercito.difesa.it\/en\/#organization"},"potentialAction":[{"@type":"SearchAction","target":{"@type":"EntryPoint","urlTemplate":"https:\/\/igmi.esercito.difesa.it\/en\/?s={search_term_string}"},"query-input":{"@type":"PropertyValueSpecification","valueRequired":true,"valueName":"search_term_string"}}],"inLanguage":"en-US"},{"@type":"Organization","@id":"https:\/\/igmi.esercito.difesa.it\/en\/#organization","name":"Istituto Geografico Militare","url":"https:\/\/igmi.esercito.difesa.it\/en\/","logo":{"@type":"ImageObject","inLanguage":"en-US","@id":"https:\/\/igmi.esercito.difesa.it\/en\/#\/schema\/logo\/image\/","url":"https:\/\/igmi.esercito.difesa.it\/wp-content\/uploads\/2025\/04\/Logo-igm.webp","contentUrl":"https:\/\/igmi.esercito.difesa.it\/wp-content\/uploads\/2025\/04\/Logo-igm.webp","width":1320,"height":1696,"caption":"Istituto Geografico Militare"},"image":{"@id":"https:\/\/igmi.esercito.difesa.it\/en\/#\/schema\/logo\/image\/"}}]}},"_links":{"self":[{"href":"https:\/\/igmi.esercito.difesa.it\/en\/wp-json\/wp\/v2\/product\/378691","targetHints":{"allow":["GET"]}}],"collection":[{"href":"https:\/\/igmi.esercito.difesa.it\/en\/wp-json\/wp\/v2\/product"}],"about":[{"href":"https:\/\/igmi.esercito.difesa.it\/en\/wp-json\/wp\/v2\/types\/product"}],"wp:featuredmedia":[{"embeddable":true,"href":"https:\/\/igmi.esercito.difesa.it\/en\/wp-json\/wp\/v2\/media\/748473"}],"wp:attachment":[{"href":"https:\/\/igmi.esercito.difesa.it\/en\/wp-json\/wp\/v2\/media?parent=378691"}],"wp:term":[{"taxonomy":"product_brand","embeddable":true,"href":"https:\/\/igmi.esercito.difesa.it\/en\/wp-json\/wp\/v2\/product_brand?post=378691"},{"taxonomy":"product_cat","embeddable":true,"href":"https:\/\/igmi.esercito.difesa.it\/en\/wp-json\/wp\/v2\/product_cat?post=378691"},{"taxonomy":"product_tag","embeddable":true,"href":"https:\/\/igmi.esercito.difesa.it\/en\/wp-json\/wp\/v2\/product_tag?post=378691"}],"curies":[{"name":"wp","href":"https:\/\/api.w.org\/{rel}","templated":true}]}}

<p>Un foglio disegnato a penna ed acquerellato rappresentante la zona montana tra le vallate del Chisone e della Dora e tracciati con accuratezza i trinceramenti del Col delle Finestre e le vie di comunicazione. L&#8217;orografia è raffigurata con sistema semiprospettico. Sotto il titolo la firma di Marciot che è forse l&#8217;autore. Non porta indicazione di data ma si può ritenere della fine del secolo XVIII.</p>

<p>Un foglio disegnato a penna ed acquerellato rappresentante la zona montana tra le vallate del Chisone e della Dora e tracciati con accuratezza i trinceramenti del Col delle Finestre e le vie di comunicazione. L&#8217;orografia è raffigurata con sistema semiprospettico. Sotto il titolo la firma di Marciot che è forse l&#8217;autore. Non porta indicazione di [&hellip;]</p>

<!-- This site is optimized with the Yoast SEO plugin v26.4 - https://yoast.com/wordpress/plugins/seo/ -->
<title>PLAN ET ENVIRONS DES RETRANCHEMENTS DES COLS DE FENETRES, ET FATIERES DEPUIS LA VALLETTE JUSQUE AUX HAUTEURS DE FENESTRELLE OU SE TROUVENT LES CHEMINS DE COMUNICATION DES DITS RETRANCHEMENTS AU CAMP DE CATTINAL. - Istituto Geografico Militare</title>
<meta name="robots" content="index, follow, max-snippet:-1, max-image-preview:large, max-video-preview:-1" />
<link rel="canonical" href="https://igmi.esercito.difesa.it/en/prodotto/397168/" />
<meta property="og:locale" content="en_US" />
<meta property="og:type" content="article" />
<meta property="og:title" content="PLAN ET ENVIRONS DES RETRANCHEMENTS DES COLS DE FENETRES, ET FATIERES DEPUIS LA VALLETTE JUSQUE AUX HAUTEURS DE FENESTRELLE OU SE TROUVENT LES CHEMINS DE COMUNICATION DES DITS RETRANCHEMENTS AU CAMP DE CATTINAL. - Istituto Geografico Militare" />
<meta property="og:description" content="Un foglio disegnato a penna ed acquerellato rappresentante la zona montana tra le vallate del Chisone e della Dora e tracciati con accuratezza i trinceramenti del Col delle Finestre e le vie di comunicazione. L&#8217;orografia è raffigurata con sistema semiprospettico. Sotto il titolo la firma di Marciot che è forse l&#8217;autore. Non porta indicazione di [&hellip;]" />
<meta property="og:url" content="https://igmi.esercito.difesa.it/en/prodotto/397168/" />
<meta property="og:site_name" content="Istituto Geografico Militare" />
<meta property="article:modified_time" content="2026-04-09T21:26:55+00:00" />
<meta property="og:image" content="https://igmi.esercito.difesa.it/wp-content/uploads/CA001592.jpg" />
	<meta property="og:image:width" content="1000" />
	<meta property="og:image:height" content="1154" />
	<meta property="og:image:type" content="image/jpeg" />
<meta name="twitter:card" content="summary_large_image" />
<script type="application/ld+json" class="yoast-schema-graph">{"@context":"https://schema.org","@graph":[{"@type":"WebPage","@id":"https://igmi.esercito.difesa.it/en/prodotto/397168/","url":"https://igmi.esercito.difesa.it/en/prodotto/397168/","name":"PLAN ET ENVIRONS DES RETRANCHEMENTS DES COLS DE FENETRES, ET FATIERES DEPUIS LA VALLETTE JUSQUE AUX HAUTEURS DE FENESTRELLE OU SE TROUVENT LES CHEMINS DE COMUNICATION DES DITS RETRANCHEMENTS AU CAMP DE CATTINAL. - Istituto Geografico Militare","isPartOf":{"@id":"https://igmi.esercito.difesa.it/en/#website"},"primaryImageOfPage":{"@id":"https://igmi.esercito.difesa.it/en/prodotto/397168/#primaryimage"},"image":{"@id":"https://igmi.esercito.difesa.it/en/prodotto/397168/#primaryimage"},"thumbnailUrl":"https://igmi.esercito.difesa.it/wp-content/uploads/CA001592.jpg","datePublished":"2025-06-28T09:50:54+00:00","dateModified":"2026-04-09T21:26:55+00:00","breadcrumb":{"@id":"https://igmi.esercito.difesa.it/en/prodotto/397168/#breadcrumb"},"inLanguage":"en-US","potentialAction":[{"@type":"ReadAction","target":["https://igmi.esercito.difesa.it/en/prodotto/397168/"]}]},{"@type":"ImageObject","inLanguage":"en-US","@id":"https://igmi.esercito.difesa.it/en/prodotto/397168/#primaryimage","url":"https://igmi.esercito.difesa.it/wp-content/uploads/CA001592.jpg","contentUrl":"https://igmi.esercito.difesa.it/wp-content/uploads/CA001592.jpg","width":1000,"height":1154},{"@type":"BreadcrumbList","@id":"https://igmi.esercito.difesa.it/en/prodotto/397168/#breadcrumb","itemListElement":[{"@type":"ListItem","position":1,"name":"Home","item":"https://igmi.esercito.difesa.it/en/"},{"@type":"ListItem","position":2,"name":"Products","item":"https://igmi.esercito.difesa.it/en/shop/"},{"@type":"ListItem","position":3,"name":"PLAN ET ENVIRONS DES RETRANCHEMENTS DES COLS DE FENETRES, ET FATIERES DEPUIS LA VALLETTE JUSQUE AUX HAUTEURS DE FENESTRELLE OU SE TROUVENT LES CHEMINS DE COMUNICATION DES DITS RETRANCHEMENTS AU CAMP DE CATTINAL."}]},{"@type":"WebSite","@id":"https://igmi.esercito.difesa.it/en/#website","url":"https://igmi.esercito.difesa.it/en/","name":"Istituto Geografico Militare","description":"Ente cartografico dello stato","publisher":{"@id":"https://igmi.esercito.difesa.it/en/#organization"},"potentialAction":[{"@type":"SearchAction","target":{"@type":"EntryPoint","urlTemplate":"https://igmi.esercito.difesa.it/en/?s={search_term_string}"},"query-input":{"@type":"PropertyValueSpecification","valueRequired":true,"valueName":"search_term_string"}}],"inLanguage":"en-US"},{"@type":"Organization","@id":"https://igmi.esercito.difesa.it/en/#organization","name":"Istituto Geografico Militare","url":"https://igmi.esercito.difesa.it/en/","logo":{"@type":"ImageObject","inLanguage":"en-US","@id":"https://igmi.esercito.difesa.it/en/#/schema/logo/image/","url":"https://igmi.esercito.difesa.it/wp-content/uploads/2025/04/Logo-igm.webp","contentUrl":"https://igmi.esercito.difesa.it/wp-content/uploads/2025/04/Logo-igm.webp","width":1320,"height":1696,"caption":"Istituto Geografico Militare"},"image":{"@id":"https://igmi.esercito.difesa.it/en/#/schema/logo/image/"}}]}</script>
<!-- / Yoast SEO plugin. -->

Un foglio disegnato a penna ed acquerellato rappresentante la zona montana tra le vallate del Chisone e della Dora e tracciati con accuratezza i trinceramenti del Col delle Finestre e le vie di comunicazione. L&#8217;orografia è raffigurata con sistema semiprospettico. Sotto il titolo la firma di Marciot che è forse l&#8217;autore. Non porta indicazione di [&hellip;]
